{"id":1451,"date":"2023-04-02T20:03:59","date_gmt":"2023-04-02T23:03:59","guid":{"rendered":"http:\/\/www.inove9.com\/?page_id=1451"},"modified":"2023-06-06T09:46:03","modified_gmt":"2023-06-06T12:46:03","slug":"a-inove9","status":"publish","type":"page","link":"https:\/\/www.inove9.com\/index.php\/a-inove9\/","title":{"rendered":"A inove9"},"content":{"rendered":"\t\t<div data-elementor-type=\"wp-page\" data-elementor-id=\"1451\" class=\"elementor elementor-1451\">\n\t\t\t\t\t\t\t\t\t<section data-particle_enable=\"false\" data-particle-mobile-disabled=\"false\" class=\"elementor-section elementor-top-section elementor-element elementor-element-c343fbb elementor-section-boxed elementor-section-height-default elementor-section-height-default\" data-id=\"c343fbb\" data-element_type=\"section\" data-settings=\"{&quot;background_background&quot;:&quot;classic&quot;}\">\n\t\t\t\t\t\t<div class=\"elementor-container elementor-column-gap-default\">\n\t\t\t\t\t<div class=\"elementor-column elementor-col-100 elementor-top-column elementor-element elementor-element-b5280d4\" data-id=\"b5280d4\" data-element_type=\"column\">\n\t\t\t<div class=\"elementor-widget-wrap\">\n\t\t\t\t\t\t\t\t\t<\/div>\n\t\t<\/div>\n\t\t\t\t\t\t\t<\/div>\n\t\t<\/section>\n\t\t\t\t<section data-particle_enable=\"false\" data-particle-mobile-disabled=\"false\" class=\"elementor-section elementor-top-section elementor-element elementor-element-55ac245 elementor-section-boxed elementor-section-height-default elementor-section-height-default\" data-id=\"55ac245\" data-element_type=\"section\">\n\t\t\t\t\t\t<div class=\"elementor-container elementor-column-gap-default\">\n\t\t\t\t\t<div class=\"elementor-column elementor-col-100 elementor-top-column elementor-element elementor-element-59374a6\" data-id=\"59374a6\" data-element_type=\"column\">\n\t\t\t<div class=\"elementor-widget-wrap elementor-element-populated\">\n\t\t\t\t\t\t\t\t<div class=\"elementor-element elementor-element-b39185e elementor-widget elementor-widget-heading\" data-id=\"b39185e\" data-element_type=\"widget\" data-widget_type=\"heading.default\">\n\t\t\t\t<div class=\"elementor-widget-container\">\n\t\t\t<style>\/*! elementor - v3.12.1 - 02-04-2023 *\/\n.elementor-heading-title{padding:0;margin:0;line-height:1}.elementor-widget-heading .elementor-heading-title[class*=elementor-size-]>a{color:inherit;font-size:inherit;line-height:inherit}.elementor-widget-heading .elementor-heading-title.elementor-size-small{font-size:15px}.elementor-widget-heading .elementor-heading-title.elementor-size-medium{font-size:19px}.elementor-widget-heading .elementor-heading-title.elementor-size-large{font-size:29px}.elementor-widget-heading .elementor-heading-title.elementor-size-xl{font-size:39px}.elementor-widget-heading .elementor-heading-title.elementor-size-xxl{font-size:59px}<\/style><h1 class=\"elementor-heading-title elementor-size-default\">A Inove<\/h1>\t\t<\/div>\n\t\t\t\t<\/div>\n\t\t\t\t\t<\/div>\n\t\t<\/div>\n\t\t\t\t\t\t\t<\/div>\n\t\t<\/section>\n\t\t\t\t<section data-particle_enable=\"false\" data-particle-mobile-disabled=\"false\" class=\"elementor-section elementor-top-section elementor-element elementor-element-e7de42e elementor-section-boxed elementor-section-height-default elementor-section-height-default\" data-id=\"e7de42e\" data-element_type=\"section\">\n\t\t\t\t\t\t<div class=\"elementor-container elementor-column-gap-default\">\n\t\t\t\t\t<div class=\"elementor-column elementor-col-100 elementor-top-column elementor-element elementor-element-3f0e3bf\" data-id=\"3f0e3bf\" data-element_type=\"column\">\n\t\t\t<div class=\"elementor-widget-wrap elementor-element-populated\">\n\t\t\t\t\t\t\t\t<div class=\"elementor-element elementor-element-b42df91 elementor-widget elementor-widget-text-editor\" data-id=\"b42df91\" data-element_type=\"widget\" data-widget_type=\"text-editor.default\">\n\t\t\t\t<div class=\"elementor-widget-container\">\n\t\t\t<style>\/*! elementor - v3.12.1 - 02-04-2023 *\/\n.elementor-widget-text-editor.elementor-drop-cap-view-stacked .elementor-drop-cap{background-color:#69727d;color:#fff}.elementor-widget-text-editor.elementor-drop-cap-view-framed .elementor-drop-cap{color:#69727d;border:3px solid;background-color:transparent}.elementor-widget-text-editor:not(.elementor-drop-cap-view-default) .elementor-drop-cap{margin-top:8px}.elementor-widget-text-editor:not(.elementor-drop-cap-view-default) .elementor-drop-cap-letter{width:1em;height:1em}.elementor-widget-text-editor .elementor-drop-cap{float:left;text-align:center;line-height:1;font-size:50px}.elementor-widget-text-editor .elementor-drop-cap-letter{display:inline-block}<\/style>\t\t\t\t<h4>A Inove \u00e9 uma empresa especializada em desenvolvimento de sistema, atua desde 2008 em todo Esp\u00edrito Santo, trabalhando com empresas de pequeno, m\u00e9dio e grande porte nos mais variados segmentos, dentre eles cart\u00f3rios, cl\u00ednicas m\u00e9dicas e odontol\u00f3gicas,&nbsp;planos de assist\u00eancia familiar, cart\u00e3o de benef\u00edcios, com\u00e9rcio, ONGs e venda direta de produtos ou servi\u00e7os.<\/h4>\n<h4>Nestes mais de 14 anos de experi\u00eancia, a Inove9 desenvolveu o software Inove &#8211; Cart\u00f3rio para gest\u00e3o das serventias de Registro de Im\u00f3veis e Protesto, seguindo o conceito de inova\u00e7\u00e3o e excel\u00eancia em atendimento.<\/h4>\n<h4>A Inove tem como foco a proximidade com clientes e apresenta solu\u00e7\u00f5es inovadoras, que abrangem todos os processos na gest\u00e3o das atividades e servi\u00e7os, interligando com recursos que agilizam a\u00e7\u00f5es e decis\u00f5es. Dessa forma, tornamos a gest\u00e3o mais r\u00e1pida e efetiva.<\/h4>\t\t\t\t\t\t<\/div>\n\t\t\t\t<\/div>\n\t\t\t\t\t<\/div>\n\t\t<\/div>\n\t\t\t\t\t\t\t<\/div>\n\t\t<\/section>\n\t\t\t\t\t\t\t<\/div>\n\t\t","protected":false},"excerpt":{"rendered":"<p>A Inove A Inove \u00e9 uma empresa especializada em desenvolvimento de sistema, atua desde 2008 em todo Esp\u00edrito Santo, trabalhando com empresas de pequeno, m\u00e9dio e grande porte nos mais variados segmentos, dentre eles cart\u00f3rios, cl\u00ednicas m\u00e9dicas e odontol\u00f3gicas,&nbsp;planos de assist\u00eancia familiar, cart\u00e3o de benef\u00edcios, com\u00e9rcio, ONGs e venda direta de produtos ou servi\u00e7os. Nestes [&hellip;]<\/p>\n","protected":false},"author":1,"featured_media":0,"parent":0,"menu_order":0,"comment_status":"closed","ping_status":"closed","template":"","meta":{"footnotes":""},"class_list":["post-1451","page","type-page","status-publish","hentry"],"_links":{"self":[{"href":"https:\/\/www.inove9.com\/index.php\/wp-json\/wp\/v2\/pages\/1451","targetHints":{"allow":["GET"]}}],"collection":[{"href":"https:\/\/www.inove9.com\/index.php\/wp-json\/wp\/v2\/pages"}],"about":[{"href":"https:\/\/www.inove9.com\/index.php\/wp-json\/wp\/v2\/types\/page"}],"author":[{"embeddable":true,"href":"https:\/\/www.inove9.com\/index.php\/wp-json\/wp\/v2\/users\/1"}],"replies":[{"embeddable":true,"href":"https:\/\/www.inove9.com\/index.php\/wp-json\/wp\/v2\/comments?post=1451"}],"version-history":[{"count":16,"href":"https:\/\/www.inove9.com\/index.php\/wp-json\/wp\/v2\/pages\/1451\/revisions"}],"predecessor-version":[{"id":2767,"href":"https:\/\/www.inove9.com\/index.php\/wp-json\/wp\/v2\/pages\/1451\/revisions\/2767"}],"wp:attachment":[{"href":"https:\/\/www.inove9.com\/index.php\/wp-json\/wp\/v2\/media?parent=1451"}],"curies":[{"name":"wp","href":"https:\/\/api.w.org\/{rel}","templated":true}]}}